{"id":1835,"date":"2023-11-18T13:09:51","date_gmt":"2023-11-18T14:09:51","guid":{"rendered":"https:\/\/www.kristensen-skjern.dk\/?page_id=1835"},"modified":"2023-11-18T13:12:50","modified_gmt":"2023-11-18T14:12:50","slug":"canadagaas","status":"publish","type":"page","link":"https:\/\/www.kristensen-skjern.dk\/index.php\/canadagaas\/","title":{"rendered":"Canadag\u00e5s"},"content":{"rendered":"\n<h6 class=\"wp-block-heading\">Canadag\u00e5sen er en meget stor g\u00e5s med sort hals og hoved og et hvidt, trekantet hageb\u00e5nd. N\u00e6b og ben er m\u00f8rke. Den kan ligne den betydeligt mindre og mere kompakte bramg\u00e5s pga. begges kontrasterende sorte og hvide farver p\u00e5 hoved og hals, men canadag\u00e5sen har lyst bryst, hvor bramg\u00e5sens sorte hals forts\u00e6tter i et sort bryst.<\/h6>\n\n\n<div class='photonic-wp-stream photonic-stream ' id='photonic-wp-stream-1'>\n\n\t<div id='photonic-wp-stream-1-container' class='title-display-tooltip photonic-level-1-container sizes-present photonic-mosaic-layout photonic-thumbnail-effect-zoom' data-photonic-platform=\"wp\" data-photonic-gallery-columns=\"auto\" data-photonic-query=\"order=ASC&amp;orderby=post__in&amp;id=1835&amp;itemtag=figure&amp;icontag=div&amp;captiontag=figcaption&amp;size=thumbnail&amp;include=1836,1837,1838,1839,1840&amp;exclude=&amp;link=&amp;offset=0&amp;layout=mosaic&amp;custom_classes=&amp;alignment=&amp;caption=title&amp;page=1&amp;count=-1&amp;thumb_size=thumbnail&amp;slide_size=large&amp;type=default&amp;style=mosaic&amp;display=local&amp;ids=1836,1837,1838,1839,1840&amp;main_size=full&amp;tile_size=full&amp;show_gallery=Canadag\u00e5s&amp;columns=auto\">\n\t\t<figure class='photonic-level-1 photonic-thumb'>\n\t\t\t<a href='https:\/\/www.kristensen-skjern.dk\/wp-content\/uploads\/2023\/11\/DSC_5263.jpg' title='DSC_5263' rel='lightbox-photonic-wp-stream-1' class='photonic-lb photonic-baguettebox baguettebox' data-photonic-media-type=\"image\" data-content-type=\"image\" data-photonic-deep=\"gallery[photonic-wp-stream-1]\/1836\/\" data-title=\"&lt;a href=&#039;https:\/\/www.kristensen-skjern.dk\/index.php\/canadagaas\/dsc_5263\/&#039; &gt;DSC_5263&lt;\/a&gt;\" data-photonic-tooltip=\"DSC_5263\">\n\t\t\t\t<img alt='DSC_5263' class='mosaic' data-src='https:\/\/www.kristensen-skjern.dk\/wp-content\/uploads\/2023\/11\/DSC_5263.jpg' loading='lazy' width='2048' height='1365' \/>\n\t\t\t<\/a>\n\t\t<\/figure>\n\t\t<figure class='photonic-level-1 photonic-thumb'>\n\t\t\t<a href='https:\/\/www.kristensen-skjern.dk\/wp-content\/uploads\/2023\/11\/DSC_5266.jpg' title='DSC_5266' rel='lightbox-photonic-wp-stream-1' class='photonic-lb photonic-baguettebox baguettebox' data-photonic-media-type=\"image\" data-content-type=\"image\" data-photonic-deep=\"gallery[photonic-wp-stream-1]\/1837\/\" data-title=\"&lt;a href=&#039;https:\/\/www.kristensen-skjern.dk\/index.php\/canadagaas\/dsc_5266\/&#039; &gt;DSC_5266&lt;\/a&gt;\" data-photonic-tooltip=\"DSC_5266\">\n\t\t\t\t<img alt='DSC_5266' class='mosaic' data-src='https:\/\/www.kristensen-skjern.dk\/wp-content\/uploads\/2023\/11\/DSC_5266.jpg' loading='lazy' width='2048' height='1366' \/>\n\t\t\t<\/a>\n\t\t<\/figure>\n\t\t<figure class='photonic-level-1 photonic-thumb'>\n\t\t\t<a href='https:\/\/www.kristensen-skjern.dk\/wp-content\/uploads\/2023\/11\/DSC_5213.jpg' title='DSC_5213' rel='lightbox-photonic-wp-stream-1' class='photonic-lb photonic-baguettebox baguettebox' data-photonic-media-type=\"image\" data-content-type=\"image\" data-photonic-deep=\"gallery[photonic-wp-stream-1]\/1838\/\" data-title=\"&lt;a href=&#039;https:\/\/www.kristensen-skjern.dk\/index.php\/canadagaas\/dsc_5213\/&#039; &gt;DSC_5213&lt;\/a&gt;\" data-photonic-tooltip=\"DSC_5213\">\n\t\t\t\t<img alt='DSC_5213' class='mosaic' data-src='https:\/\/www.kristensen-skjern.dk\/wp-content\/uploads\/2023\/11\/DSC_5213.jpg' loading='lazy' width='2048' height='1365' \/>\n\t\t\t<\/a>\n\t\t<\/figure>\n\t\t<figure class='photonic-level-1 photonic-thumb'>\n\t\t\t<a href='https:\/\/www.kristensen-skjern.dk\/wp-content\/uploads\/2023\/11\/DSC_5222.jpg' title='DSC_5222' rel='lightbox-photonic-wp-stream-1' class='photonic-lb photonic-baguettebox baguettebox' data-photonic-media-type=\"image\" data-content-type=\"image\" data-photonic-deep=\"gallery[photonic-wp-stream-1]\/1839\/\" data-title=\"&lt;a href=&#039;https:\/\/www.kristensen-skjern.dk\/index.php\/canadagaas\/dsc_5222\/&#039; &gt;DSC_5222&lt;\/a&gt;\" data-photonic-tooltip=\"DSC_5222\">\n\t\t\t\t<img alt='DSC_5222' class='mosaic' data-src='https:\/\/www.kristensen-skjern.dk\/wp-content\/uploads\/2023\/11\/DSC_5222.jpg' loading='lazy' width='2048' height='1365' \/>\n\t\t\t<\/a>\n\t\t<\/figure>\n\t\t<figure class='photonic-level-1 photonic-thumb'>\n\t\t\t<a href='https:\/\/www.kristensen-skjern.dk\/wp-content\/uploads\/2023\/11\/DSC_5225-.jpg' title='DSC_5225' rel='lightbox-photonic-wp-stream-1' class='photonic-lb photonic-baguettebox baguettebox' data-photonic-media-type=\"image\" data-content-type=\"image\" data-photonic-deep=\"gallery[photonic-wp-stream-1]\/1840\/\" data-title=\"&lt;a href=&#039;https:\/\/www.kristensen-skjern.dk\/index.php\/canadagaas\/dsc_5225\/&#039; &gt;DSC_5225&lt;\/a&gt;\" data-photonic-tooltip=\"DSC_5225\">\n\t\t\t\t<img alt='DSC_5225' class='mosaic' data-src='https:\/\/www.kristensen-skjern.dk\/wp-content\/uploads\/2023\/11\/DSC_5225-.jpg' loading='lazy' width='2048' height='1365' \/>\n\t\t\t<\/a>\n\t\t<\/figure>\n\n\t<\/div> <!-- .\/photonic-level-1-container -->\n\t<span id='photonic-wp-stream-1-container-end'><\/span>\n<\/div><!-- .photonic-stream or .photonic-panel -->\n","protected":false},"excerpt":{"rendered":"<p>Canadag\u00e5sen er en meget stor g\u00e5s med sort hals og hoved og et hvidt, trekantet hageb\u00e5nd. N\u00e6b og ben er m\u00f8rke. Den kan ligne den betydeligt mindre og mere kompakte bramg\u00e5s pga. begges kontrasterende sorte og hvide farver p\u00e5 hoved og hals, men canadag\u00e5sen har lyst bryst, hvor bramg\u00e5sens sorte hals forts\u00e6tter i et sort bryst.<\/p>\n","protected":false},"author":1,"featured_media":0,"parent":0,"menu_order":0,"comment_status":"closed","ping_status":"closed","template":"","meta":{"ngg_post_thumbnail":0,"footnotes":""},"class_list":["post-1835","page","type-page","status-publish","hentry"],"_links":{"self":[{"href":"https:\/\/www.kristensen-skjern.dk\/index.php\/wp-json\/wp\/v2\/pages\/1835","targetHints":{"allow":["GET"]}}],"collection":[{"href":"https:\/\/www.kristensen-skjern.dk\/index.php\/wp-json\/wp\/v2\/pages"}],"about":[{"href":"https:\/\/www.kristensen-skjern.dk\/index.php\/wp-json\/wp\/v2\/types\/page"}],"author":[{"embeddable":true,"href":"https:\/\/www.kristensen-skjern.dk\/index.php\/wp-json\/wp\/v2\/users\/1"}],"replies":[{"embeddable":true,"href":"https:\/\/www.kristensen-skjern.dk\/index.php\/wp-json\/wp\/v2\/comments?post=1835"}],"version-history":[{"count":2,"href":"https:\/\/www.kristensen-skjern.dk\/index.php\/wp-json\/wp\/v2\/pages\/1835\/revisions"}],"predecessor-version":[{"id":1843,"href":"https:\/\/www.kristensen-skjern.dk\/index.php\/wp-json\/wp\/v2\/pages\/1835\/revisions\/1843"}],"wp:attachment":[{"href":"https:\/\/www.kristensen-skjern.dk\/index.php\/wp-json\/wp\/v2\/media?parent=1835"}],"curies":[{"name":"wp","href":"https:\/\/api.w.org\/{rel}","templated":true}]}}