{"id":1844,"date":"2023-11-18T13:20:39","date_gmt":"2023-11-18T14:20:39","guid":{"rendered":"https:\/\/www.kristensen-skjern.dk\/?page_id=1844"},"modified":"2023-11-18T13:39:46","modified_gmt":"2023-11-18T14:39:46","slug":"graagaas","status":"publish","type":"page","link":"https:\/\/www.kristensen-skjern.dk\/index.php\/graagaas\/","title":{"rendered":"Gr\u00e5g\u00e5s"},"content":{"rendered":"\n<h6 class=\"wp-block-heading\">Gr\u00e5g\u00e5sen er en almindelig ynglefugl i s\u00f8er og moser i hele landet med undtagelse af omr\u00e5det vest for israndslinjen. Den er en af vore st\u00f8rste g\u00e5searter, og som navnet antyder, er den hovedsagelig gr\u00e5. Vingerne er dog m\u00f8rkebrune med karakteristiske lyse forvinger, der tydeligt ses i flugt. P\u00e5 bugen kan voksne gr\u00e5g\u00e6s have fine sorte asymmetriske b\u00e5nd af varierende udbredelse. Benene er lyser\u00f8de, og det store n\u00e6b er oranger\u00f8dt.<\/h6>\n\n\n<div class='photonic-wp-stream photonic-stream ' id='photonic-wp-stream-1'>\n\n\t<div id='photonic-wp-stream-1-container' class='title-display-tooltip photonic-level-1-container sizes-present photonic-mosaic-layout photonic-thumbnail-effect-zoom' data-photonic-platform=\"wp\" data-photonic-gallery-columns=\"auto\" data-photonic-query=\"order=ASC&amp;orderby=post__in&amp;id=1844&amp;itemtag=figure&amp;icontag=div&amp;captiontag=figcaption&amp;size=thumbnail&amp;include=1845,1846,1847,1848,1849,1850,1851,1852,1853,1854,1858,1859&amp;exclude=&amp;link=&amp;offset=0&amp;layout=mosaic&amp;custom_classes=&amp;alignment=&amp;caption=title&amp;page=1&amp;count=-1&amp;thumb_size=thumbnail&amp;slide_size=large&amp;type=default&amp;style=mosaic&amp;display=local&amp;ids=1845,1846,1847,1848,1849,1850,1851,1852,1853,1854,1858,1859&amp;main_size=full&amp;tile_size=full&amp;show_gallery=Gr\u00e5g\u00e5s&amp;columns=auto\">\n\t\t<figure class='photonic-level-1 photonic-thumb'>\n\t\t\t<a href='https:\/\/www.kristensen-skjern.dk\/wp-content\/uploads\/2023\/11\/DSC_1885.jpg' title='DSC_1885' rel='lightbox-photonic-wp-stream-1' class='photonic-lb photonic-baguettebox baguettebox' data-photonic-media-type=\"image\" data-content-type=\"image\" data-photonic-deep=\"gallery[photonic-wp-stream-1]\/1845\/\" data-title=\"&lt;a href=&#039;https:\/\/www.kristensen-skjern.dk\/index.php\/graagaas\/dsc_1885\/&#039; &gt;DSC_1885&lt;\/a&gt;\" data-photonic-tooltip=\"DSC_1885\">\n\t\t\t\t<img alt='DSC_1885' class='mosaic' data-src='https:\/\/www.kristensen-skjern.dk\/wp-content\/uploads\/2023\/11\/DSC_1885.jpg' loading='lazy' width='2048' height='1366' \/>\n\t\t\t<\/a>\n\t\t<\/figure>\n\t\t<figure class='photonic-level-1 photonic-thumb'>\n\t\t\t<a href='https:\/\/www.kristensen-skjern.dk\/wp-content\/uploads\/2023\/11\/DSC_1890.jpg' title='DSC_1890' rel='lightbox-photonic-wp-stream-1' class='photonic-lb photonic-baguettebox baguettebox' data-photonic-media-type=\"image\" data-content-type=\"image\" data-photonic-deep=\"gallery[photonic-wp-stream-1]\/1846\/\" data-title=\"&lt;a href=&#039;https:\/\/www.kristensen-skjern.dk\/index.php\/graagaas\/dsc_1890\/&#039; &gt;DSC_1890&lt;\/a&gt;\" data-photonic-tooltip=\"DSC_1890\">\n\t\t\t\t<img alt='DSC_1890' class='mosaic' data-src='https:\/\/www.kristensen-skjern.dk\/wp-content\/uploads\/2023\/11\/DSC_1890.jpg' loading='lazy' width='2048' height='1365' \/>\n\t\t\t<\/a>\n\t\t<\/figure>\n\t\t<figure class='photonic-level-1 photonic-thumb'>\n\t\t\t<a href='https:\/\/www.kristensen-skjern.dk\/wp-content\/uploads\/2023\/11\/DSC2945.jpg' title='_DSC2945' rel='lightbox-photonic-wp-stream-1' class='photonic-lb photonic-baguettebox baguettebox' data-photonic-media-type=\"image\" data-content-type=\"image\" data-photonic-deep=\"gallery[photonic-wp-stream-1]\/1847\/\" data-title=\"&lt;a href=&#039;https:\/\/www.kristensen-skjern.dk\/index.php\/graagaas\/_dsc2945\/&#039; &gt;_DSC2945&lt;\/a&gt;\" data-photonic-tooltip=\"_DSC2945\">\n\t\t\t\t<img alt='_DSC2945' class='mosaic' data-src='https:\/\/www.kristensen-skjern.dk\/wp-content\/uploads\/2023\/11\/DSC2945.jpg' loading='lazy' width='2048' height='1365' \/>\n\t\t\t<\/a>\n\t\t<\/figure>\n\t\t<figure class='photonic-level-1 photonic-thumb'>\n\t\t\t<a href='https:\/\/www.kristensen-skjern.dk\/wp-content\/uploads\/2023\/11\/DSC2946.jpg' title='_DSC2946' rel='lightbox-photonic-wp-stream-1' class='photonic-lb photonic-baguettebox baguettebox' data-photonic-media-type=\"image\" data-content-type=\"image\" data-photonic-deep=\"gallery[photonic-wp-stream-1]\/1848\/\" data-title=\"&lt;a href=&#039;https:\/\/www.kristensen-skjern.dk\/index.php\/graagaas\/_dsc2946\/&#039; &gt;_DSC2946&lt;\/a&gt;\" data-photonic-tooltip=\"_DSC2946\">\n\t\t\t\t<img alt='_DSC2946' class='mosaic' data-src='https:\/\/www.kristensen-skjern.dk\/wp-content\/uploads\/2023\/11\/DSC2946.jpg' loading='lazy' width='2048' height='1365' \/>\n\t\t\t<\/a>\n\t\t<\/figure>\n\t\t<figure class='photonic-level-1 photonic-thumb'>\n\t\t\t<a href='https:\/\/www.kristensen-skjern.dk\/wp-content\/uploads\/2023\/11\/DSC3516.jpg' title='_DSC3516' rel='lightbox-photonic-wp-stream-1' class='photonic-lb photonic-baguettebox baguettebox' data-photonic-media-type=\"image\" data-content-type=\"image\" data-photonic-deep=\"gallery[photonic-wp-stream-1]\/1849\/\" data-title=\"&lt;a href=&#039;https:\/\/www.kristensen-skjern.dk\/index.php\/graagaas\/_dsc3516\/&#039; &gt;_DSC3516&lt;\/a&gt;\" data-photonic-tooltip=\"_DSC3516\">\n\t\t\t\t<img alt='_DSC3516' class='mosaic' data-src='https:\/\/www.kristensen-skjern.dk\/wp-content\/uploads\/2023\/11\/DSC3516.jpg' loading='lazy' width='2048' height='1365' \/>\n\t\t\t<\/a>\n\t\t<\/figure>\n\t\t<figure class='photonic-level-1 photonic-thumb'>\n\t\t\t<a href='https:\/\/www.kristensen-skjern.dk\/wp-content\/uploads\/2023\/11\/DSC3526.jpg' title='_DSC3526' rel='lightbox-photonic-wp-stream-1' class='photonic-lb photonic-baguettebox baguettebox' data-photonic-media-type=\"image\" data-content-type=\"image\" data-photonic-deep=\"gallery[photonic-wp-stream-1]\/1850\/\" data-title=\"&lt;a href=&#039;https:\/\/www.kristensen-skjern.dk\/index.php\/graagaas\/_dsc3526\/&#039; &gt;_DSC3526&lt;\/a&gt;\" data-photonic-tooltip=\"_DSC3526\">\n\t\t\t\t<img alt='_DSC3526' class='mosaic' data-src='https:\/\/www.kristensen-skjern.dk\/wp-content\/uploads\/2023\/11\/DSC3526.jpg' loading='lazy' width='2048' height='1366' \/>\n\t\t\t<\/a>\n\t\t<\/figure>\n\t\t<figure class='photonic-level-1 photonic-thumb'>\n\t\t\t<a href='https:\/\/www.kristensen-skjern.dk\/wp-content\/uploads\/2023\/11\/DSC8669.jpg' title='_DSC8669' rel='lightbox-photonic-wp-stream-1' class='photonic-lb photonic-baguettebox baguettebox' data-photonic-media-type=\"image\" data-content-type=\"image\" data-photonic-deep=\"gallery[photonic-wp-stream-1]\/1851\/\" data-title=\"&lt;a href=&#039;https:\/\/www.kristensen-skjern.dk\/index.php\/graagaas\/_dsc8669\/&#039; &gt;_DSC8669&lt;\/a&gt;\" data-photonic-tooltip=\"_DSC8669\">\n\t\t\t\t<img alt='_DSC8669' class='mosaic' data-src='https:\/\/www.kristensen-skjern.dk\/wp-content\/uploads\/2023\/11\/DSC8669.jpg' loading='lazy' width='2048' height='1365' \/>\n\t\t\t<\/a>\n\t\t<\/figure>\n\t\t<figure class='photonic-level-1 photonic-thumb'>\n\t\t\t<a href='https:\/\/www.kristensen-skjern.dk\/wp-content\/uploads\/2023\/11\/DSC8673.jpg' title='_DSC8673' rel='lightbox-photonic-wp-stream-1' class='photonic-lb photonic-baguettebox baguettebox' data-photonic-media-type=\"image\" data-content-type=\"image\" data-photonic-deep=\"gallery[photonic-wp-stream-1]\/1852\/\" data-title=\"&lt;a href=&#039;https:\/\/www.kristensen-skjern.dk\/index.php\/graagaas\/_dsc8673\/&#039; &gt;_DSC8673&lt;\/a&gt;\" data-photonic-tooltip=\"_DSC8673\">\n\t\t\t\t<img alt='_DSC8673' class='mosaic' data-src='https:\/\/www.kristensen-skjern.dk\/wp-content\/uploads\/2023\/11\/DSC8673.jpg' loading='lazy' width='2048' height='1365' \/>\n\t\t\t<\/a>\n\t\t<\/figure>\n\t\t<figure class='photonic-level-1 photonic-thumb'>\n\t\t\t<a href='https:\/\/www.kristensen-skjern.dk\/wp-content\/uploads\/2023\/11\/DSC8674.jpg' title='_DSC8674' rel='lightbox-photonic-wp-stream-1' class='photonic-lb photonic-baguettebox baguettebox' data-photonic-media-type=\"image\" data-content-type=\"image\" data-photonic-deep=\"gallery[photonic-wp-stream-1]\/1853\/\" data-title=\"&lt;a href=&#039;https:\/\/www.kristensen-skjern.dk\/index.php\/graagaas\/_dsc8674\/&#039; &gt;_DSC8674&lt;\/a&gt;\" data-photonic-tooltip=\"_DSC8674\">\n\t\t\t\t<img alt='_DSC8674' class='mosaic' data-src='https:\/\/www.kristensen-skjern.dk\/wp-content\/uploads\/2023\/11\/DSC8674.jpg' loading='lazy' width='2048' height='1365' \/>\n\t\t\t<\/a>\n\t\t<\/figure>\n\t\t<figure class='photonic-level-1 photonic-thumb'>\n\t\t\t<a href='https:\/\/www.kristensen-skjern.dk\/wp-content\/uploads\/2023\/11\/DSC8675.jpg' title='_DSC8675' rel='lightbox-photonic-wp-stream-1' class='photonic-lb photonic-baguettebox baguettebox' data-photonic-media-type=\"image\" data-content-type=\"image\" data-photonic-deep=\"gallery[photonic-wp-stream-1]\/1854\/\" data-title=\"&lt;a href=&#039;https:\/\/www.kristensen-skjern.dk\/index.php\/graagaas\/_dsc8675\/&#039; &gt;_DSC8675&lt;\/a&gt;\" data-photonic-tooltip=\"_DSC8675\">\n\t\t\t\t<img alt='_DSC8675' class='mosaic' data-src='https:\/\/www.kristensen-skjern.dk\/wp-content\/uploads\/2023\/11\/DSC8675.jpg' loading='lazy' width='2048' height='1365' \/>\n\t\t\t<\/a>\n\t\t<\/figure>\n\t\t<figure class='photonic-level-1 photonic-thumb'>\n\t\t\t<a href='https:\/\/www.kristensen-skjern.dk\/wp-content\/uploads\/2023\/11\/DSC_1885-1.jpg' title='DSC_1885' rel='lightbox-photonic-wp-stream-1' class='photonic-lb photonic-baguettebox baguettebox' data-photonic-media-type=\"image\" data-content-type=\"image\" data-photonic-deep=\"gallery[photonic-wp-stream-1]\/1858\/\" data-title=\"&lt;a href=&#039;https:\/\/www.kristensen-skjern.dk\/index.php\/graagaas\/dsc_1885-2\/&#039; &gt;DSC_1885&lt;\/a&gt;\" data-photonic-tooltip=\"DSC_1885\">\n\t\t\t\t<img alt='DSC_1885' class='mosaic' data-src='https:\/\/www.kristensen-skjern.dk\/wp-content\/uploads\/2023\/11\/DSC_1885-1.jpg' loading='lazy' width='2048' height='1366' \/>\n\t\t\t<\/a>\n\t\t<\/figure>\n\t\t<figure class='photonic-level-1 photonic-thumb'>\n\t\t\t<a href='https:\/\/www.kristensen-skjern.dk\/wp-content\/uploads\/2023\/11\/DSC_1890-1.jpg' title='DSC_1890' rel='lightbox-photonic-wp-stream-1' class='photonic-lb photonic-baguettebox baguettebox' data-photonic-media-type=\"image\" data-content-type=\"image\" data-photonic-deep=\"gallery[photonic-wp-stream-1]\/1859\/\" data-title=\"&lt;a href=&#039;https:\/\/www.kristensen-skjern.dk\/index.php\/graagaas\/dsc_1890-2\/&#039; &gt;DSC_1890&lt;\/a&gt;\" data-photonic-tooltip=\"DSC_1890\">\n\t\t\t\t<img alt='DSC_1890' class='mosaic' data-src='https:\/\/www.kristensen-skjern.dk\/wp-content\/uploads\/2023\/11\/DSC_1890-1.jpg' loading='lazy' width='2048' height='1365' \/>\n\t\t\t<\/a>\n\t\t<\/figure>\n\n\t<\/div> <!-- .\/photonic-level-1-container -->\n\t<span id='photonic-wp-stream-1-container-end'><\/span>\n<\/div><!-- .photonic-stream or .photonic-panel -->\n","protected":false},"excerpt":{"rendered":"<p>Gr\u00e5g\u00e5sen er en almindelig ynglefugl i s\u00f8er og moser i hele landet med undtagelse af omr\u00e5det vest for israndslinjen. Den er en af vore st\u00f8rste g\u00e5searter, og som navnet antyder, er den hovedsagelig gr\u00e5. Vingerne er dog m\u00f8rkebrune med karakteristiske lyse forvinger, der tydeligt ses i flugt. P\u00e5 bugen kan voksne gr\u00e5g\u00e6s have fine sorte asymmetriske b\u00e5nd af varierende udbredelse. Benene er lyser\u00f8de, og det store n\u00e6b er oranger\u00f8dt.<\/p>\n","protected":false},"author":1,"featured_media":0,"parent":0,"menu_order":0,"comment_status":"closed","ping_status":"closed","template":"","meta":{"ngg_post_thumbnail":0,"footnotes":""},"class_list":["post-1844","page","type-page","status-publish","hentry"],"_links":{"self":[{"href":"https:\/\/www.kristensen-skjern.dk\/index.php\/wp-json\/wp\/v2\/pages\/1844","targetHints":{"allow":["GET"]}}],"collection":[{"href":"https:\/\/www.kristensen-skjern.dk\/index.php\/wp-json\/wp\/v2\/pages"}],"about":[{"href":"https:\/\/www.kristensen-skjern.dk\/index.php\/wp-json\/wp\/v2\/types\/page"}],"author":[{"embeddable":true,"href":"https:\/\/www.kristensen-skjern.dk\/index.php\/wp-json\/wp\/v2\/users\/1"}],"replies":[{"embeddable":true,"href":"https:\/\/www.kristensen-skjern.dk\/index.php\/wp-json\/wp\/v2\/comments?post=1844"}],"version-history":[{"count":3,"href":"https:\/\/www.kristensen-skjern.dk\/index.php\/wp-json\/wp\/v2\/pages\/1844\/revisions"}],"predecessor-version":[{"id":1861,"href":"https:\/\/www.kristensen-skjern.dk\/index.php\/wp-json\/wp\/v2\/pages\/1844\/revisions\/1861"}],"wp:attachment":[{"href":"https:\/\/www.kristensen-skjern.dk\/index.php\/wp-json\/wp\/v2\/media?parent=1844"}],"curies":[{"name":"wp","href":"https:\/\/api.w.org\/{rel}","templated":true}]}}