{"id":1913,"date":"2024-03-11T08:55:46","date_gmt":"2024-03-11T09:55:46","guid":{"rendered":"https:\/\/www.kristensen-skjern.dk\/?page_id=1913"},"modified":"2024-03-11T08:55:46","modified_gmt":"2024-03-11T09:55:46","slug":"lille-kobbersnepper","status":"publish","type":"page","link":"https:\/\/www.kristensen-skjern.dk\/index.php\/lille-kobbersnepper\/","title":{"rendered":"Lille Kobbersnepper"},"content":{"rendered":"\n<h5 class=\"wp-block-heading\">Den lille kobbersneppe er en ret stor vadefugl med meget langt, svagt opadb\u00f8jede n\u00e6b samt en lys kile p\u00e5 ryggen og tv\u00e6rstribet hale. I sommerdragt er hannen karakteristisk med sin teglr\u00f8de underside. Hunnen er gr\u00e5lig med stribet bryst, der kan have en svag orange toning. Ungfugle og fugle i vinterdragt er gr\u00e5brunlige. Den n\u00e6rt besl\u00e6gtede store kobbersneppe har l\u00e6ngere ben og karakteristiske sort-hvide vinge- og haletegninger.<\/h5>\n\n\n<div class='photonic-wp-stream photonic-stream ' id='photonic-wp-stream-1'>\n\n\t<div id='photonic-wp-stream-1-container' class='title-display-tooltip photonic-level-1-container sizes-present photonic-mosaic-layout photonic-thumbnail-effect-zoom' data-photonic-platform=\"wp\" data-photonic-gallery-columns=\"auto\" data-photonic-query=\"order=ASC&amp;orderby=post__in&amp;id=1913&amp;itemtag=figure&amp;icontag=div&amp;captiontag=figcaption&amp;size=thumbnail&amp;include=1914,1915,1916,1917&amp;exclude=&amp;link=&amp;offset=0&amp;layout=mosaic&amp;custom_classes=&amp;alignment=&amp;caption=title&amp;page=1&amp;count=-1&amp;thumb_size=thumbnail&amp;slide_size=large&amp;type=default&amp;style=mosaic&amp;display=local&amp;ids=1914,1915,1916,1917&amp;main_size=full&amp;tile_size=full&amp;show_gallery=kobbersneppe&amp;columns=auto\">\n\t\t<figure class='photonic-level-1 photonic-thumb'>\n\t\t\t<a href='https:\/\/www.kristensen-skjern.dk\/wp-content\/uploads\/2024\/03\/DSC_5558.jpg' title='DSC_5558' rel='lightbox-photonic-wp-stream-1' class='photonic-lb photonic-baguettebox baguettebox' data-photonic-media-type=\"image\" data-content-type=\"image\" data-photonic-deep=\"gallery[photonic-wp-stream-1]\/1914\/\" data-title=\"&lt;a href=&#039;https:\/\/www.kristensen-skjern.dk\/index.php\/lille-kobbersnepper\/dsc_5558\/&#039; &gt;DSC_5558&lt;\/a&gt;\" data-photonic-tooltip=\"DSC_5558\">\n\t\t\t\t<img alt='DSC_5558' class='mosaic' data-src='https:\/\/www.kristensen-skjern.dk\/wp-content\/uploads\/2024\/03\/DSC_5558.jpg' loading='lazy' width='2048' height='1365' \/>\n\t\t\t<\/a>\n\t\t<\/figure>\n\t\t<figure class='photonic-level-1 photonic-thumb'>\n\t\t\t<a href='https:\/\/www.kristensen-skjern.dk\/wp-content\/uploads\/2024\/03\/DSC_5559-.jpg' title='DSC_5559' rel='lightbox-photonic-wp-stream-1' class='photonic-lb photonic-baguettebox baguettebox' data-photonic-media-type=\"image\" data-content-type=\"image\" data-photonic-deep=\"gallery[photonic-wp-stream-1]\/1915\/\" data-title=\"&lt;a href=&#039;https:\/\/www.kristensen-skjern.dk\/index.php\/lille-kobbersnepper\/dsc_5559\/&#039; &gt;DSC_5559&lt;\/a&gt;\" data-photonic-tooltip=\"DSC_5559\">\n\t\t\t\t<img alt='DSC_5559' class='mosaic' data-src='https:\/\/www.kristensen-skjern.dk\/wp-content\/uploads\/2024\/03\/DSC_5559-.jpg' loading='lazy' width='2048' height='1365' \/>\n\t\t\t<\/a>\n\t\t<\/figure>\n\t\t<figure class='photonic-level-1 photonic-thumb'>\n\t\t\t<a href='https:\/\/www.kristensen-skjern.dk\/wp-content\/uploads\/2024\/03\/DSC_5561.jpg' title='DSC_5561' rel='lightbox-photonic-wp-stream-1' class='photonic-lb photonic-baguettebox baguettebox' data-photonic-media-type=\"image\" data-content-type=\"image\" data-photonic-deep=\"gallery[photonic-wp-stream-1]\/1916\/\" data-title=\"&lt;a href=&#039;https:\/\/www.kristensen-skjern.dk\/index.php\/lille-kobbersnepper\/dsc_5561\/&#039; &gt;DSC_5561&lt;\/a&gt;\" data-photonic-tooltip=\"DSC_5561\">\n\t\t\t\t<img alt='DSC_5561' class='mosaic' data-src='https:\/\/www.kristensen-skjern.dk\/wp-content\/uploads\/2024\/03\/DSC_5561.jpg' loading='lazy' width='2048' height='1365' \/>\n\t\t\t<\/a>\n\t\t<\/figure>\n\t\t<figure class='photonic-level-1 photonic-thumb'>\n\t\t\t<a href='https:\/\/www.kristensen-skjern.dk\/wp-content\/uploads\/2024\/03\/DSC_5571.jpg' title='DSC_5571' rel='lightbox-photonic-wp-stream-1' class='photonic-lb photonic-baguettebox baguettebox' data-photonic-media-type=\"image\" data-content-type=\"image\" data-photonic-deep=\"gallery[photonic-wp-stream-1]\/1917\/\" data-title=\"&lt;a href=&#039;https:\/\/www.kristensen-skjern.dk\/index.php\/lille-kobbersnepper\/dsc_5571\/&#039; &gt;DSC_5571&lt;\/a&gt;\" data-photonic-tooltip=\"DSC_5571\">\n\t\t\t\t<img alt='DSC_5571' class='mosaic' data-src='https:\/\/www.kristensen-skjern.dk\/wp-content\/uploads\/2024\/03\/DSC_5571.jpg' loading='lazy' width='2048' height='1365' \/>\n\t\t\t<\/a>\n\t\t<\/figure>\n\n\t<\/div> <!-- .\/photonic-level-1-container -->\n\t<span id='photonic-wp-stream-1-container-end'><\/span>\n<\/div><!-- .photonic-stream or .photonic-panel -->\n","protected":false},"excerpt":{"rendered":"<p>Den lille kobbersneppe er en ret stor vadefugl med meget langt, svagt opadb\u00f8jede n\u00e6b samt en lys kile p\u00e5 ryggen og tv\u00e6rstribet hale. I sommerdragt er hannen karakteristisk med sin teglr\u00f8de underside. Hunnen er gr\u00e5lig med stribet bryst, der kan have en svag orange toning. Ungfugle og fugle i vinterdragt er gr\u00e5brunlige. Den n\u00e6rt besl\u00e6gtede store kobbersneppe har l\u00e6ngere ben og karakteristiske sort-hvide vinge- og haletegninger.<\/p>\n","protected":false},"author":1,"featured_media":0,"parent":0,"menu_order":0,"comment_status":"closed","ping_status":"closed","template":"","meta":{"ngg_post_thumbnail":0,"footnotes":""},"class_list":["post-1913","page","type-page","status-publish","hentry"],"_links":{"self":[{"href":"https:\/\/www.kristensen-skjern.dk\/index.php\/wp-json\/wp\/v2\/pages\/1913","targetHints":{"allow":["GET"]}}],"collection":[{"href":"https:\/\/www.kristensen-skjern.dk\/index.php\/wp-json\/wp\/v2\/pages"}],"about":[{"href":"https:\/\/www.kristensen-skjern.dk\/index.php\/wp-json\/wp\/v2\/types\/page"}],"author":[{"embeddable":true,"href":"https:\/\/www.kristensen-skjern.dk\/index.php\/wp-json\/wp\/v2\/users\/1"}],"replies":[{"embeddable":true,"href":"https:\/\/www.kristensen-skjern.dk\/index.php\/wp-json\/wp\/v2\/comments?post=1913"}],"version-history":[{"count":1,"href":"https:\/\/www.kristensen-skjern.dk\/index.php\/wp-json\/wp\/v2\/pages\/1913\/revisions"}],"predecessor-version":[{"id":1919,"href":"https:\/\/www.kristensen-skjern.dk\/index.php\/wp-json\/wp\/v2\/pages\/1913\/revisions\/1919"}],"wp:attachment":[{"href":"https:\/\/www.kristensen-skjern.dk\/index.php\/wp-json\/wp\/v2\/media?parent=1913"}],"curies":[{"name":"wp","href":"https:\/\/api.w.org\/{rel}","templated":true}]}}