{"id":438,"date":"2021-09-16T10:30:13","date_gmt":"2021-09-16T11:30:13","guid":{"rendered":"https:\/\/www.kristensen-skjern.dk\/?page_id=438"},"modified":"2021-09-27T13:35:47","modified_gmt":"2021-09-27T14:35:47","slug":"almindelig-ryle","status":"publish","type":"page","link":"https:\/\/www.kristensen-skjern.dk\/index.php\/almindelig-ryle\/","title":{"rendered":"Almindelig ryle"},"content":{"rendered":"\n<h5 class=\"wp-block-heading\">Den almindelige ryle er en lille sneppefugl. Den n\u00e5r en l\u00e6ngde p\u00e5 16-20 cm. Fugle, der yngler i det nordlige Europa og Asien, overvintrer i Afrika og det syd\u00f8stlige Asien. De ryler, der yngler i Alaska og arktisk Canada, overvintrer ved Nordamerikas kyster. I Danmark er rylen en f\u00e5tallig ynglefugl, men en meget almindelig tr\u00e6kg\u00e6st. Den findes bl.a. ved Tipperne, Vejlerne og Harbo\u00f8re Tange. Ogs\u00e5 p\u00e5 vadehavs\u00f8er som Fan\u00f8 og R\u00f8m\u00f8 samt p\u00e5 Saltholm og Amager kan man finde den. Ynglebestanden er regnet som en truet art p\u00e5 den danske r\u00f8dliste 2019, mens tr\u00e6kbestanden regnes for s\u00e5rbar.<\/h5>\n\n\n<div class='photonic-wp-stream photonic-stream ' id='photonic-wp-stream-1'>\n\n\t<div id='photonic-wp-stream-1-container' class='title-display-tooltip photonic-level-1-container sizes-present photonic-mosaic-layout photonic-thumbnail-effect-zoom' data-photonic-platform=\"wp\" data-photonic-gallery-columns=\"auto\" data-photonic-query=\"order=ASC&amp;orderby=post__in&amp;id=438&amp;itemtag=figure&amp;icontag=div&amp;captiontag=figcaption&amp;size=thumbnail&amp;include=439,440,441,442,443,444,445,446,447&amp;exclude=&amp;link=&amp;offset=0&amp;layout=mosaic&amp;custom_classes=&amp;alignment=&amp;caption=title&amp;page=1&amp;count=-1&amp;thumb_size=thumbnail&amp;slide_size=large&amp;type=default&amp;style=mosaic&amp;display=local&amp;ids=439,440,441,442,443,444,445,446,447&amp;main_size=full&amp;tile_size=full&amp;show_gallery=Almindelig ryle&amp;columns=auto\">\n\t\t<figure class='photonic-level-1 photonic-thumb'>\n\t\t\t<a href='https:\/\/www.kristensen-skjern.dk\/wp-content\/uploads\/2021\/09\/DSC_3421.jpg' title='DSC_3421' rel='lightbox-photonic-wp-stream-1' class='photonic-lb photonic-baguettebox baguettebox' data-photonic-media-type=\"image\" data-content-type=\"image\" data-photonic-deep=\"gallery[photonic-wp-stream-1]\/439\/\" data-title=\"&lt;a href=&#039;https:\/\/www.kristensen-skjern.dk\/index.php\/almindelig-ryle\/dsc_3421\/&#039; &gt;DSC_3421&lt;\/a&gt;\" data-photonic-tooltip=\"DSC_3421\">\n\t\t\t\t<img alt='DSC_3421' class='mosaic' data-src='https:\/\/www.kristensen-skjern.dk\/wp-content\/uploads\/2021\/09\/DSC_3421.jpg' loading='lazy' width='2048' height='1365' \/>\n\t\t\t<\/a>\n\t\t<\/figure>\n\t\t<figure class='photonic-level-1 photonic-thumb'>\n\t\t\t<a href='https:\/\/www.kristensen-skjern.dk\/wp-content\/uploads\/2021\/09\/DSC_3488.jpg' title='DSC_3488' rel='lightbox-photonic-wp-stream-1' class='photonic-lb photonic-baguettebox baguettebox' data-photonic-media-type=\"image\" data-content-type=\"image\" data-photonic-deep=\"gallery[photonic-wp-stream-1]\/440\/\" data-title=\"&lt;a href=&#039;https:\/\/www.kristensen-skjern.dk\/index.php\/almindelig-ryle\/dsc_3488\/&#039; &gt;DSC_3488&lt;\/a&gt;\" data-photonic-tooltip=\"DSC_3488\">\n\t\t\t\t<img alt='DSC_3488' class='mosaic' data-src='https:\/\/www.kristensen-skjern.dk\/wp-content\/uploads\/2021\/09\/DSC_3488.jpg' loading='lazy' width='2048' height='1365' \/>\n\t\t\t<\/a>\n\t\t<\/figure>\n\t\t<figure class='photonic-level-1 photonic-thumb'>\n\t\t\t<a href='https:\/\/www.kristensen-skjern.dk\/wp-content\/uploads\/2021\/09\/DSC_3498.jpg' title='DSC_3498' rel='lightbox-photonic-wp-stream-1' class='photonic-lb photonic-baguettebox baguettebox' data-photonic-media-type=\"image\" data-content-type=\"image\" data-photonic-deep=\"gallery[photonic-wp-stream-1]\/441\/\" data-title=\"&lt;a href=&#039;https:\/\/www.kristensen-skjern.dk\/index.php\/almindelig-ryle\/dsc_3498\/&#039; &gt;DSC_3498&lt;\/a&gt;\" data-photonic-tooltip=\"DSC_3498\">\n\t\t\t\t<img alt='DSC_3498' class='mosaic' data-src='https:\/\/www.kristensen-skjern.dk\/wp-content\/uploads\/2021\/09\/DSC_3498.jpg' loading='lazy' width='2048' height='1365' \/>\n\t\t\t<\/a>\n\t\t<\/figure>\n\t\t<figure class='photonic-level-1 photonic-thumb'>\n\t\t\t<a href='https:\/\/www.kristensen-skjern.dk\/wp-content\/uploads\/2021\/09\/DSC7721-scaled.jpg' title='_DSC7721' rel='lightbox-photonic-wp-stream-1' class='photonic-lb photonic-baguettebox baguettebox' data-photonic-media-type=\"image\" data-content-type=\"image\" data-photonic-deep=\"gallery[photonic-wp-stream-1]\/442\/\" data-title=\"&lt;a href=&#039;https:\/\/www.kristensen-skjern.dk\/index.php\/almindelig-ryle\/_dsc7721\/&#039; &gt;_DSC7721&lt;\/a&gt;\" data-photonic-tooltip=\"_DSC7721\">\n\t\t\t\t<img alt='_DSC7721' class='mosaic' data-src='https:\/\/www.kristensen-skjern.dk\/wp-content\/uploads\/2021\/09\/DSC7721-scaled.jpg' loading='lazy' width='2560' height='1706' \/>\n\t\t\t<\/a>\n\t\t<\/figure>\n\t\t<figure class='photonic-level-1 photonic-thumb'>\n\t\t\t<a href='https:\/\/www.kristensen-skjern.dk\/wp-content\/uploads\/2021\/09\/DSC7723.jpg' title='_DSC7723' rel='lightbox-photonic-wp-stream-1' class='photonic-lb photonic-baguettebox baguettebox' data-photonic-media-type=\"image\" data-content-type=\"image\" data-photonic-deep=\"gallery[photonic-wp-stream-1]\/443\/\" data-title=\"&lt;a href=&#039;https:\/\/www.kristensen-skjern.dk\/index.php\/almindelig-ryle\/_dsc7723\/&#039; &gt;_DSC7723&lt;\/a&gt;\" data-photonic-tooltip=\"_DSC7723\">\n\t\t\t\t<img alt='_DSC7723' class='mosaic' data-src='https:\/\/www.kristensen-skjern.dk\/wp-content\/uploads\/2021\/09\/DSC7723.jpg' loading='lazy' width='2048' height='1365' \/>\n\t\t\t<\/a>\n\t\t<\/figure>\n\t\t<figure class='photonic-level-1 photonic-thumb'>\n\t\t\t<a href='https:\/\/www.kristensen-skjern.dk\/wp-content\/uploads\/2021\/09\/DSC8069.jpg' title='_DSC8069' rel='lightbox-photonic-wp-stream-1' class='photonic-lb photonic-baguettebox baguettebox' data-photonic-media-type=\"image\" data-content-type=\"image\" data-photonic-deep=\"gallery[photonic-wp-stream-1]\/444\/\" data-title=\"&lt;a href=&#039;https:\/\/www.kristensen-skjern.dk\/index.php\/almindelig-ryle\/_dsc8069\/&#039; &gt;_DSC8069&lt;\/a&gt;\" data-photonic-tooltip=\"_DSC8069\">\n\t\t\t\t<img alt='_DSC8069' class='mosaic' data-src='https:\/\/www.kristensen-skjern.dk\/wp-content\/uploads\/2021\/09\/DSC8069.jpg' loading='lazy' width='2048' height='1365' \/>\n\t\t\t<\/a>\n\t\t<\/figure>\n\t\t<figure class='photonic-level-1 photonic-thumb'>\n\t\t\t<a href='https:\/\/www.kristensen-skjern.dk\/wp-content\/uploads\/2021\/09\/DSC_0090.jpg' title='DSC_0090' rel='lightbox-photonic-wp-stream-1' class='photonic-lb photonic-baguettebox baguettebox' data-photonic-media-type=\"image\" data-content-type=\"image\" data-photonic-deep=\"gallery[photonic-wp-stream-1]\/445\/\" data-title=\"&lt;a href=&#039;https:\/\/www.kristensen-skjern.dk\/index.php\/almindelig-ryle\/dsc_0090\/&#039; &gt;DSC_0090&lt;\/a&gt;\" data-photonic-tooltip=\"DSC_0090\">\n\t\t\t\t<img alt='DSC_0090' class='mosaic' data-src='https:\/\/www.kristensen-skjern.dk\/wp-content\/uploads\/2021\/09\/DSC_0090.jpg' loading='lazy' width='2048' height='1365' \/>\n\t\t\t<\/a>\n\t\t<\/figure>\n\t\t<figure class='photonic-level-1 photonic-thumb'>\n\t\t\t<a href='https:\/\/www.kristensen-skjern.dk\/wp-content\/uploads\/2021\/09\/DSC_0094.jpg' title='DSC_0094' rel='lightbox-photonic-wp-stream-1' class='photonic-lb photonic-baguettebox baguettebox' data-photonic-media-type=\"image\" data-content-type=\"image\" data-photonic-deep=\"gallery[photonic-wp-stream-1]\/446\/\" data-title=\"&lt;a href=&#039;https:\/\/www.kristensen-skjern.dk\/index.php\/almindelig-ryle\/dsc_0094\/&#039; &gt;DSC_0094&lt;\/a&gt;\" data-photonic-tooltip=\"DSC_0094\">\n\t\t\t\t<img alt='DSC_0094' class='mosaic' data-src='https:\/\/www.kristensen-skjern.dk\/wp-content\/uploads\/2021\/09\/DSC_0094.jpg' loading='lazy' width='2048' height='1365' \/>\n\t\t\t<\/a>\n\t\t<\/figure>\n\t\t<figure class='photonic-level-1 photonic-thumb'>\n\t\t\t<a href='https:\/\/www.kristensen-skjern.dk\/wp-content\/uploads\/2021\/09\/DSC_1989.jpg' title='DSC_1989' rel='lightbox-photonic-wp-stream-1' class='photonic-lb photonic-baguettebox baguettebox' data-photonic-media-type=\"image\" data-content-type=\"image\" data-photonic-deep=\"gallery[photonic-wp-stream-1]\/447\/\" data-title=\"&lt;a href=&#039;https:\/\/www.kristensen-skjern.dk\/index.php\/almindelig-ryle\/dsc_1989\/&#039; &gt;DSC_1989&lt;\/a&gt;\" data-photonic-tooltip=\"DSC_1989\">\n\t\t\t\t<img alt='DSC_1989' class='mosaic' data-src='https:\/\/www.kristensen-skjern.dk\/wp-content\/uploads\/2021\/09\/DSC_1989.jpg' loading='lazy' width='2048' height='1365' \/>\n\t\t\t<\/a>\n\t\t<\/figure>\n\n\t<\/div> <!-- .\/photonic-level-1-container -->\n\t<span id='photonic-wp-stream-1-container-end'><\/span>\n<\/div><!-- .photonic-stream or .photonic-panel -->\n","protected":false},"excerpt":{"rendered":"<p>Den almindelige ryle er en lille sneppefugl. Den n\u00e5r en l\u00e6ngde p\u00e5 16-20 cm. Fugle, der yngler i det nordlige Europa og Asien, overvintrer i Afrika og det syd\u00f8stlige Asien. De ryler, der yngler i Alaska og arktisk Canada, overvintrer ved Nordamerikas kyster. I Danmark er rylen en f\u00e5tallig ynglefugl, men en meget almindelig tr\u00e6kg\u00e6st. Den findes bl.a. ved Tipperne, Vejlerne og Harbo\u00f8re Tange. Ogs\u00e5 p\u00e5 vadehavs\u00f8er som Fan\u00f8 og R\u00f8m\u00f8 samt p\u00e5 Saltholm og Amager kan man finde den. Ynglebestanden er regnet som en truet art p\u00e5 den danske r\u00f8dliste 2019, mens tr\u00e6kbestanden regnes for s\u00e5rbar.<\/p>\n","protected":false},"author":1,"featured_media":0,"parent":0,"menu_order":0,"comment_status":"closed","ping_status":"closed","template":"","meta":{"ngg_post_thumbnail":0,"footnotes":""},"class_list":["post-438","page","type-page","status-publish","hentry"],"_links":{"self":[{"href":"https:\/\/www.kristensen-skjern.dk\/index.php\/wp-json\/wp\/v2\/pages\/438","targetHints":{"allow":["GET"]}}],"collection":[{"href":"https:\/\/www.kristensen-skjern.dk\/index.php\/wp-json\/wp\/v2\/pages"}],"about":[{"href":"https:\/\/www.kristensen-skjern.dk\/index.php\/wp-json\/wp\/v2\/types\/page"}],"author":[{"embeddable":true,"href":"https:\/\/www.kristensen-skjern.dk\/index.php\/wp-json\/wp\/v2\/users\/1"}],"replies":[{"embeddable":true,"href":"https:\/\/www.kristensen-skjern.dk\/index.php\/wp-json\/wp\/v2\/comments?post=438"}],"version-history":[{"count":2,"href":"https:\/\/www.kristensen-skjern.dk\/index.php\/wp-json\/wp\/v2\/pages\/438\/revisions"}],"predecessor-version":[{"id":584,"href":"https:\/\/www.kristensen-skjern.dk\/index.php\/wp-json\/wp\/v2\/pages\/438\/revisions\/584"}],"wp:attachment":[{"href":"https:\/\/www.kristensen-skjern.dk\/index.php\/wp-json\/wp\/v2\/media?parent=438"}],"curies":[{"name":"wp","href":"https:\/\/api.w.org\/{rel}","templated":true}]}}