{"id":727,"date":"2022-02-07T07:41:56","date_gmt":"2022-02-07T08:41:56","guid":{"rendered":"https:\/\/www.kristensen-skjern.dk\/?page_id=727"},"modified":"2022-02-21T14:57:27","modified_gmt":"2022-02-21T15:57:27","slug":"hvalros","status":"publish","type":"page","link":"https:\/\/www.kristensen-skjern.dk\/index.php\/hvalros\/","title":{"rendered":"Hvalros"},"content":{"rendered":"\n<h5 class=\"wp-block-heading\" id=\"en-gaest-af-den-mere-sjaeldne-slags-i-danmark-her-havnen-i-hvide-sande-27-1-2021\">En g\u00e6st af den mere sj\u00e6ldne slags i Danmark, her havnen i Hvide Sande. 27-1-2021<\/h5>\n\n\n<div class='photonic-wp-stream photonic-stream ' id='photonic-wp-stream-1'>\n\n\t<div id='photonic-wp-stream-1-container' class='title-display-tooltip photonic-level-1-container sizes-present photonic-mosaic-layout photonic-thumbnail-effect-zoom' data-photonic-platform=\"wp\" data-photonic-gallery-columns=\"auto\" data-photonic-query=\"order=ASC&amp;orderby=post__in&amp;id=727&amp;itemtag=figure&amp;icontag=div&amp;captiontag=figcaption&amp;size=thumbnail&amp;include=729,730,731,732&amp;exclude=&amp;link=&amp;offset=0&amp;layout=mosaic&amp;custom_classes=&amp;alignment=&amp;caption=title&amp;page=1&amp;count=-1&amp;thumb_size=thumbnail&amp;slide_size=large&amp;type=default&amp;style=mosaic&amp;display=local&amp;ids=729,730,731,732&amp;main_size=full&amp;tile_size=full&amp;show_gallery=Hvalros&amp;columns=auto\">\n\t\t<figure class='photonic-level-1 photonic-thumb'>\n\t\t\t<a href='https:\/\/www.kristensen-skjern.dk\/wp-content\/uploads\/2022\/02\/DSC2722.jpg' title='_DSC2722' rel='lightbox-photonic-wp-stream-1' class='photonic-lb photonic-baguettebox baguettebox' data-photonic-media-type=\"image\" data-content-type=\"image\" data-photonic-deep=\"gallery[photonic-wp-stream-1]\/729\/\" data-title=\"&lt;a href=&#039;https:\/\/www.kristensen-skjern.dk\/index.php\/hvalros\/_dsc2722\/&#039; &gt;_DSC2722&lt;\/a&gt;\" data-photonic-tooltip=\"_DSC2722\">\n\t\t\t\t<img alt='_DSC2722' class='mosaic' data-src='https:\/\/www.kristensen-skjern.dk\/wp-content\/uploads\/2022\/02\/DSC2722.jpg' loading='lazy' width='2048' height='1365' \/>\n\t\t\t<\/a>\n\t\t<\/figure>\n\t\t<figure class='photonic-level-1 photonic-thumb'>\n\t\t\t<a href='https:\/\/www.kristensen-skjern.dk\/wp-content\/uploads\/2022\/02\/DSC2724.jpg' title='_DSC2724' rel='lightbox-photonic-wp-stream-1' class='photonic-lb photonic-baguettebox baguettebox' data-photonic-media-type=\"image\" data-content-type=\"image\" data-photonic-deep=\"gallery[photonic-wp-stream-1]\/730\/\" data-title=\"&lt;a href=&#039;https:\/\/www.kristensen-skjern.dk\/index.php\/hvalros\/_dsc2724\/&#039; &gt;_DSC2724&lt;\/a&gt;\" data-photonic-tooltip=\"_DSC2724\">\n\t\t\t\t<img alt='_DSC2724' class='mosaic' data-src='https:\/\/www.kristensen-skjern.dk\/wp-content\/uploads\/2022\/02\/DSC2724.jpg' loading='lazy' width='2048' height='1365' \/>\n\t\t\t<\/a>\n\t\t<\/figure>\n\t\t<figure class='photonic-level-1 photonic-thumb'>\n\t\t\t<a href='https:\/\/www.kristensen-skjern.dk\/wp-content\/uploads\/2022\/02\/DSC2728.jpg' title='_DSC2728' rel='lightbox-photonic-wp-stream-1' class='photonic-lb photonic-baguettebox baguettebox' data-photonic-media-type=\"image\" data-content-type=\"image\" data-photonic-deep=\"gallery[photonic-wp-stream-1]\/731\/\" data-title=\"&lt;a href=&#039;https:\/\/www.kristensen-skjern.dk\/index.php\/hvalros\/_dsc2728\/&#039; &gt;_DSC2728&lt;\/a&gt;\" data-photonic-tooltip=\"_DSC2728\">\n\t\t\t\t<img alt='_DSC2728' class='mosaic' data-src='https:\/\/www.kristensen-skjern.dk\/wp-content\/uploads\/2022\/02\/DSC2728.jpg' loading='lazy' width='2048' height='1365' \/>\n\t\t\t<\/a>\n\t\t<\/figure>\n\t\t<figure class='photonic-level-1 photonic-thumb'>\n\t\t\t<a href='https:\/\/www.kristensen-skjern.dk\/wp-content\/uploads\/2022\/02\/DSC2731.jpg' title='_DSC2731' rel='lightbox-photonic-wp-stream-1' class='photonic-lb photonic-baguettebox baguettebox' data-photonic-media-type=\"image\" data-content-type=\"image\" data-photonic-deep=\"gallery[photonic-wp-stream-1]\/732\/\" data-title=\"&lt;a href=&#039;https:\/\/www.kristensen-skjern.dk\/index.php\/hvalros\/_dsc2731\/&#039; &gt;_DSC2731&lt;\/a&gt;\" data-photonic-tooltip=\"_DSC2731\">\n\t\t\t\t<img alt='_DSC2731' class='mosaic' data-src='https:\/\/www.kristensen-skjern.dk\/wp-content\/uploads\/2022\/02\/DSC2731.jpg' loading='lazy' width='2048' height='1365' \/>\n\t\t\t<\/a>\n\t\t<\/figure>\n\n\t<\/div> <!-- .\/photonic-level-1-container -->\n\t<span id='photonic-wp-stream-1-container-end'><\/span>\n<\/div><!-- .photonic-stream or .photonic-panel -->\n\n\n\n<h5 class=\"wp-block-heading\" id=\"det-var-en-ung-arktisk-hun-hvalros-dobt-freya\"><strong>Det var en ung arktisk hun hvalros  d\u00f8bt &#8220;Freya&#8221;<\/strong> Kendetegn den lyse plet p\u00e5 n\u00e6sen.<br>En hvalrosser fra polarcirklen er dukket op omkring 644 kilometer fra hjemmet p\u00e5 Shetlands\u00f8erne.<br><a rel=\"noreferrer noopener\" href=\"https:\/\/www.bbc.com\/news\/uk-scotland-north-east-orkney-shetland-59636151?fbclid=IwAR1sHGGLSCaLG7vqw-BRPqZ_hSWKMSwfN10aIW2G5hdZEFvlR1tX9Wc0a-0\" target=\"_blank\">Unge arktiske hvalros &#8220;Freya&#8221; spottet i Shetland &#8211; BBC News<\/a><\/h5>\n\n\n\n<h4 class=\"wp-block-heading\" id=\"det-var-en-ung-arktisk-hun-hvalros-dobt-freya\"><br><\/h4>\n\n\n\n<p><\/p>\n","protected":false},"excerpt":{"rendered":"<p>En g\u00e6st af den mere sj\u00e6ldne slags i Danmark, her havnen i Hvide Sande. 27-1-2021 Det var en ung arktisk hun hvalros d\u00f8bt &#8220;Freya&#8221; Kendetegn den lyse plet p\u00e5 n\u00e6sen.En hvalrosser fra polarcirklen er dukket op omkring 644 kilometer fra hjemmet p\u00e5 Shetlands\u00f8erne.Unge arktiske hvalros &#8220;Freya&#8221; spottet i Shetland &#8211; BBC News<\/p>\n","protected":false},"author":1,"featured_media":0,"parent":0,"menu_order":0,"comment_status":"closed","ping_status":"closed","template":"","meta":{"ngg_post_thumbnail":0,"footnotes":""},"class_list":["post-727","page","type-page","status-publish","hentry"],"_links":{"self":[{"href":"https:\/\/www.kristensen-skjern.dk\/index.php\/wp-json\/wp\/v2\/pages\/727","targetHints":{"allow":["GET"]}}],"collection":[{"href":"https:\/\/www.kristensen-skjern.dk\/index.php\/wp-json\/wp\/v2\/pages"}],"about":[{"href":"https:\/\/www.kristensen-skjern.dk\/index.php\/wp-json\/wp\/v2\/types\/page"}],"author":[{"embeddable":true,"href":"https:\/\/www.kristensen-skjern.dk\/index.php\/wp-json\/wp\/v2\/users\/1"}],"replies":[{"embeddable":true,"href":"https:\/\/www.kristensen-skjern.dk\/index.php\/wp-json\/wp\/v2\/comments?post=727"}],"version-history":[{"count":10,"href":"https:\/\/www.kristensen-skjern.dk\/index.php\/wp-json\/wp\/v2\/pages\/727\/revisions"}],"predecessor-version":[{"id":1093,"href":"https:\/\/www.kristensen-skjern.dk\/index.php\/wp-json\/wp\/v2\/pages\/727\/revisions\/1093"}],"wp:attachment":[{"href":"https:\/\/www.kristensen-skjern.dk\/index.php\/wp-json\/wp\/v2\/media?parent=727"}],"curies":[{"name":"wp","href":"https:\/\/api.w.org\/{rel}","templated":true}]}}