{"id":823,"date":"2022-02-11T15:05:31","date_gmt":"2022-02-11T16:05:31","guid":{"rendered":"https:\/\/www.kristensen-skjern.dk\/?page_id=823"},"modified":"2022-02-21T14:55:52","modified_gmt":"2022-02-21T15:55:52","slug":"baever","status":"publish","type":"page","link":"https:\/\/www.kristensen-skjern.dk\/index.php\/baever\/","title":{"rendered":"B\u00e6ver"},"content":{"rendered":"\n<h5 class=\"wp-block-heading\" id=\"baeveren-ogsa-kaldet-europaeisk-baever-er-en-stor-gnaver-i-familien-baevere-den-var-naer-udryddelse-i-begyndelsen-af-1900-tallet-pa-grund-af-jagt-men-er-siden-genudsat-mange-steder-i-europa-og-asien-hvor-den-nu-findes-fra-storbritannien-til-kina-og-mongoliet-i-danmark-blev-den-genudsat-i-1999-vaegt-11-30-kg-voksen-laengde-80-100-cm-voksen-uden-hale-her-taet-ved-flynder-a-systemet-ved-klosterheden\">B\u00e6veren, ogs\u00e5 kaldet europ\u00e6isk b\u00e6ver, er en stor gnaver i familien b\u00e6vere. Den var n\u00e6r udryddelse i begyndelsen af 1900-tallet p\u00e5 grund af jagt, men er siden genudsat mange steder i Europa og Asien, hvor den nu findes fra Storbritannien til Kina og Mongoliet. I Danmark blev den genudsat i 1999.<br>V\u00e6gt:&nbsp;11 \u2013 30&nbsp;kg (Voksen)<br>L\u00e6ngde:&nbsp;80 \u2013 100&nbsp;cm (Voksen, Uden hale)<br>Her t\u00e6t ved Flynder \u00c5-systemet ved Klosterheden<\/h5>\n\n\n<div class='photonic-wp-stream photonic-stream ' id='photonic-wp-stream-1'>\n\n\t<div id='photonic-wp-stream-1-container' class='title-display-tooltip photonic-level-1-container sizes-present photonic-mosaic-layout photonic-thumbnail-effect-zoom' data-photonic-platform=\"wp\" data-photonic-gallery-columns=\"auto\" data-photonic-query=\"order=ASC&amp;orderby=post__in&amp;id=823&amp;itemtag=figure&amp;icontag=div&amp;captiontag=figcaption&amp;size=thumbnail&amp;include=824,825,826,827,828,829,830,848&amp;exclude=&amp;link=&amp;offset=0&amp;layout=mosaic&amp;custom_classes=&amp;alignment=&amp;caption=title&amp;page=1&amp;count=-1&amp;thumb_size=thumbnail&amp;slide_size=large&amp;type=default&amp;style=mosaic&amp;display=local&amp;ids=824,825,826,827,828,829,830,848&amp;main_size=full&amp;tile_size=full&amp;show_gallery=B\u00e6ver&amp;columns=auto\">\n\t\t<figure class='photonic-level-1 photonic-thumb'>\n\t\t\t<a href='https:\/\/www.kristensen-skjern.dk\/wp-content\/uploads\/2022\/02\/DSC_0103-kopier.jpg' title='DSC_0103 kopier' rel='lightbox-photonic-wp-stream-1' class='photonic-lb photonic-baguettebox baguettebox' data-photonic-media-type=\"image\" data-content-type=\"image\" data-photonic-deep=\"gallery[photonic-wp-stream-1]\/824\/\" data-title=\"&lt;a href=&#039;https:\/\/www.kristensen-skjern.dk\/index.php\/baever\/dsc_0103-kopier\/&#039; &gt;DSC_0103 kopier&lt;\/a&gt;\" data-photonic-tooltip=\"DSC_0103 kopier\">\n\t\t\t\t<img alt='DSC_0103 kopier' class='mosaic' data-src='https:\/\/www.kristensen-skjern.dk\/wp-content\/uploads\/2022\/02\/DSC_0103-kopier.jpg' loading='lazy' width='2048' height='1365' \/>\n\t\t\t<\/a>\n\t\t<\/figure>\n\t\t<figure class='photonic-level-1 photonic-thumb'>\n\t\t\t<a href='https:\/\/www.kristensen-skjern.dk\/wp-content\/uploads\/2022\/02\/DSC_0105-kopier.jpg' title='DSC_0105 kopier' rel='lightbox-photonic-wp-stream-1' class='photonic-lb photonic-baguettebox baguettebox' data-photonic-media-type=\"image\" data-content-type=\"image\" data-photonic-deep=\"gallery[photonic-wp-stream-1]\/825\/\" data-title=\"&lt;a href=&#039;https:\/\/www.kristensen-skjern.dk\/index.php\/baever\/dsc_0105-kopier\/&#039; &gt;DSC_0105 kopier&lt;\/a&gt;\" data-photonic-tooltip=\"DSC_0105 kopier\">\n\t\t\t\t<img alt='DSC_0105 kopier' class='mosaic' data-src='https:\/\/www.kristensen-skjern.dk\/wp-content\/uploads\/2022\/02\/DSC_0105-kopier.jpg' loading='lazy' width='2048' height='1365' \/>\n\t\t\t<\/a>\n\t\t<\/figure>\n\t\t<figure class='photonic-level-1 photonic-thumb'>\n\t\t\t<a href='https:\/\/www.kristensen-skjern.dk\/wp-content\/uploads\/2022\/02\/DSC_0109.jpg' title='DSC_0109' rel='lightbox-photonic-wp-stream-1' class='photonic-lb photonic-baguettebox baguettebox' data-photonic-media-type=\"image\" data-content-type=\"image\" data-photonic-deep=\"gallery[photonic-wp-stream-1]\/826\/\" data-title=\"&lt;a href=&#039;https:\/\/www.kristensen-skjern.dk\/index.php\/baever\/dsc_0109\/&#039; &gt;DSC_0109&lt;\/a&gt;\" data-photonic-tooltip=\"DSC_0109\">\n\t\t\t\t<img alt='DSC_0109' class='mosaic' data-src='https:\/\/www.kristensen-skjern.dk\/wp-content\/uploads\/2022\/02\/DSC_0109.jpg' loading='lazy' width='2048' height='1365' \/>\n\t\t\t<\/a>\n\t\t<\/figure>\n\t\t<figure class='photonic-level-1 photonic-thumb'>\n\t\t\t<a href='https:\/\/www.kristensen-skjern.dk\/wp-content\/uploads\/2022\/02\/DSC_0111.jpg' title='DSC_0111' rel='lightbox-photonic-wp-stream-1' class='photonic-lb photonic-baguettebox baguettebox' data-photonic-media-type=\"image\" data-content-type=\"image\" data-photonic-deep=\"gallery[photonic-wp-stream-1]\/827\/\" data-title=\"&lt;a href=&#039;https:\/\/www.kristensen-skjern.dk\/index.php\/baever\/dsc_0111\/&#039; &gt;DSC_0111&lt;\/a&gt;\" data-photonic-tooltip=\"DSC_0111\">\n\t\t\t\t<img alt='DSC_0111' class='mosaic' data-src='https:\/\/www.kristensen-skjern.dk\/wp-content\/uploads\/2022\/02\/DSC_0111.jpg' loading='lazy' width='2048' height='1365' \/>\n\t\t\t<\/a>\n\t\t<\/figure>\n\t\t<figure class='photonic-level-1 photonic-thumb'>\n\t\t\t<a href='https:\/\/www.kristensen-skjern.dk\/wp-content\/uploads\/2022\/02\/DSC_9883-kopier.jpg' title='DSC_9883 kopier' rel='lightbox-photonic-wp-stream-1' class='photonic-lb photonic-baguettebox baguettebox' data-photonic-media-type=\"image\" data-content-type=\"image\" data-photonic-deep=\"gallery[photonic-wp-stream-1]\/828\/\" data-title=\"&lt;a href=&#039;https:\/\/www.kristensen-skjern.dk\/index.php\/baever\/dsc_9883-kopier\/&#039; &gt;DSC_9883 kopier&lt;\/a&gt;\" data-photonic-tooltip=\"DSC_9883 kopier\">\n\t\t\t\t<img alt='DSC_9883 kopier' class='mosaic' data-src='https:\/\/www.kristensen-skjern.dk\/wp-content\/uploads\/2022\/02\/DSC_9883-kopier.jpg' loading='lazy' width='2048' height='1365' \/>\n\t\t\t<\/a>\n\t\t<\/figure>\n\t\t<figure class='photonic-level-1 photonic-thumb'>\n\t\t\t<a href='https:\/\/www.kristensen-skjern.dk\/wp-content\/uploads\/2022\/02\/DSC_9884-kopier.jpg' title='DSC_9884 kopier' rel='lightbox-photonic-wp-stream-1' class='photonic-lb photonic-baguettebox baguettebox' data-photonic-media-type=\"image\" data-content-type=\"image\" data-photonic-deep=\"gallery[photonic-wp-stream-1]\/829\/\" data-title=\"&lt;a href=&#039;https:\/\/www.kristensen-skjern.dk\/index.php\/baever\/dsc_9884-kopier\/&#039; &gt;DSC_9884 kopier&lt;\/a&gt;\" data-photonic-tooltip=\"DSC_9884 kopier\">\n\t\t\t\t<img alt='DSC_9884 kopier' class='mosaic' data-src='https:\/\/www.kristensen-skjern.dk\/wp-content\/uploads\/2022\/02\/DSC_9884-kopier.jpg' loading='lazy' width='2048' height='1365' \/>\n\t\t\t<\/a>\n\t\t<\/figure>\n\t\t<figure class='photonic-level-1 photonic-thumb'>\n\t\t\t<a href='https:\/\/www.kristensen-skjern.dk\/wp-content\/uploads\/2022\/02\/DSC_9886-kopier.jpg' title='DSC_9886 kopier' rel='lightbox-photonic-wp-stream-1' class='photonic-lb photonic-baguettebox baguettebox' data-photonic-media-type=\"image\" data-content-type=\"image\" data-photonic-deep=\"gallery[photonic-wp-stream-1]\/830\/\" data-title=\"&lt;a href=&#039;https:\/\/www.kristensen-skjern.dk\/index.php\/baever\/dsc_9886-kopier\/&#039; &gt;DSC_9886 kopier&lt;\/a&gt;\" data-photonic-tooltip=\"DSC_9886 kopier\">\n\t\t\t\t<img alt='DSC_9886 kopier' class='mosaic' data-src='https:\/\/www.kristensen-skjern.dk\/wp-content\/uploads\/2022\/02\/DSC_9886-kopier.jpg' loading='lazy' width='2048' height='1365' \/>\n\t\t\t<\/a>\n\t\t<\/figure>\n\t\t<figure class='photonic-level-1 photonic-thumb'>\n\t\t\t<a href='https:\/\/www.kristensen-skjern.dk\/wp-content\/uploads\/2022\/02\/DSC_3996.jpg' title='DSC_3996' rel='lightbox-photonic-wp-stream-1' class='photonic-lb photonic-baguettebox baguettebox' data-photonic-media-type=\"image\" data-content-type=\"image\" data-photonic-deep=\"gallery[photonic-wp-stream-1]\/848\/\" data-title=\"&lt;a href=&#039;https:\/\/www.kristensen-skjern.dk\/index.php\/baever\/dsc_3996\/&#039; &gt;DSC_3996&lt;\/a&gt;\" data-photonic-tooltip=\"DSC_3996\">\n\t\t\t\t<img alt='DSC_3996' class='mosaic' data-src='https:\/\/www.kristensen-skjern.dk\/wp-content\/uploads\/2022\/02\/DSC_3996.jpg' loading='lazy' width='2048' height='1365' \/>\n\t\t\t<\/a>\n\t\t<\/figure>\n\n\t<\/div> <!-- .\/photonic-level-1-container -->\n\t<span id='photonic-wp-stream-1-container-end'><\/span>\n<\/div><!-- .photonic-stream or .photonic-panel -->\n\n\n\n<figure class=\"wp-block-embed aligncenter is-type-video is-provider-youtube wp-block-embed-youtube wp-embed-aspect-16-9 wp-has-aspect-ratio\"><div class=\"wp-block-embed__wrapper\">\n<iframe title=\"Europ\u00e6isk b\u00e6ver\" width=\"960\" height=\"540\" src=\"https:\/\/www.youtube.com\/embed\/7GPTKQlDU6k?feature=oembed\" frameborder=\"0\" allow=\"accelerometer; autoplay; clipboard-write; encrypted-media; gyroscope; picture-in-picture\" allowfullscreen><\/iframe>\n<\/div><\/figure>\n","protected":false},"excerpt":{"rendered":"<p>B\u00e6veren, ogs\u00e5 kaldet europ\u00e6isk b\u00e6ver, er en stor gnaver i familien b\u00e6vere. Den var n\u00e6r udryddelse i begyndelsen af 1900-tallet p\u00e5 grund af jagt, men er siden genudsat mange steder i Europa og Asien, hvor den nu findes fra Storbritannien til Kina og Mongoliet. I Danmark blev den genudsat i 1999.V\u00e6gt:&nbsp;11 \u2013 30&nbsp;kg (Voksen)L\u00e6ngde:&nbsp;80 \u2013 100&nbsp;cm (Voksen, Uden hale)Her t\u00e6t ved Flynder \u00c5-systemet ved Klosterheden<\/p>\n","protected":false},"author":1,"featured_media":0,"parent":0,"menu_order":0,"comment_status":"closed","ping_status":"closed","template":"","meta":{"ngg_post_thumbnail":0,"footnotes":""},"class_list":["post-823","page","type-page","status-publish","hentry"],"_links":{"self":[{"href":"https:\/\/www.kristensen-skjern.dk\/index.php\/wp-json\/wp\/v2\/pages\/823","targetHints":{"allow":["GET"]}}],"collection":[{"href":"https:\/\/www.kristensen-skjern.dk\/index.php\/wp-json\/wp\/v2\/pages"}],"about":[{"href":"https:\/\/www.kristensen-skjern.dk\/index.php\/wp-json\/wp\/v2\/types\/page"}],"author":[{"embeddable":true,"href":"https:\/\/www.kristensen-skjern.dk\/index.php\/wp-json\/wp\/v2\/users\/1"}],"replies":[{"embeddable":true,"href":"https:\/\/www.kristensen-skjern.dk\/index.php\/wp-json\/wp\/v2\/comments?post=823"}],"version-history":[{"count":13,"href":"https:\/\/www.kristensen-skjern.dk\/index.php\/wp-json\/wp\/v2\/pages\/823\/revisions"}],"predecessor-version":[{"id":1091,"href":"https:\/\/www.kristensen-skjern.dk\/index.php\/wp-json\/wp\/v2\/pages\/823\/revisions\/1091"}],"wp:attachment":[{"href":"https:\/\/www.kristensen-skjern.dk\/index.php\/wp-json\/wp\/v2\/media?parent=823"}],"curies":[{"name":"wp","href":"https:\/\/api.w.org\/{rel}","templated":true}]}}